ert -1001 (base 2) to base 14.
-9
Convert -100 (base 3) to base 5.
-14
9 (base 13) to base 7
12
Convert 180 (base 14) to base 8.
464
Convert 41 (base 5) to base 7.
30
-11 (base 13) to base 8
-16
1 (base 14) to base 9
1
-13 (base 9) to base 13
-c
-111 (base 2) to base 7
-10
Convert -1 (base 5) to base 15.
-1
-1 (base 13) to base 11
-1
What is 7 (base 16) in base 8?
7
Convert 23 (base 12) to base 13.
21
-1 (base 8) to base 3
-1
Convert 11 (base 5) to base 9.
6
10b (base 12) to base 11
131
What is -1 (base 4) in base 16?
-1
-c (base 16) to base 14
-c
What is 10 (base 13) in base 10?
13
-2 (base 10) to base 9
-2
What is 1 (base 6) in base 2?
1
What is 25 (base 10) in base 14?
1b
What is -46 (base 10) in base 4?
-232
Convert 0 (base 14) to base 3.
0
Convert 7 (base 10) to base 16.
7
Convert 1000100 (base 2) to base 11.
62
What is 5 (base 13) in base 10?
5
Convert 52 (base 10) to base 14.
3a
Convert -23 (base 10) to base 7.
-32
b7 (base 12) to base 16
8b
5 (base 13) to base 6
5
What is -4c (base 16) in base 2?
-1001100
What is 2 (base 7) in base 9?
2
Convert 41 (base 10) to base 15.
2b
-21 (base 3) to base 4
-13
1 (base 5) to base 4
1
1000 (base 2) to base 14
8
What is -17 (base 11) in base 7?
-24
b (base 15) to base 4
23
2 (base 10) to base 7
2
What is -45 (base 10) in base 2?
-101101
What is 0 (base 7) in base 13?
0
What is 222 (base 3) in base 6?
42
9 (base 13) to base 7
12
4 (base 14) to base 10
4
What is 42 (base 5) in base 7?
31
2323 (base 4) to base 15
c7
What is -10 (base 11) in base 10?
-11
Convert 17 (base 8) to base 13.
12
What is -1 (base 10) in base 7?
-1
5 (base 14) to base 10
5
-120 (base 8) to base 7
-143
-24 (base 5) to base 10
-14
Convert -3 (base 14) to base 7.
-3
Convert 10100010 (base 2) to base 10.
162
41 (base 15) to base 3
2021
Convert -1a3 (base 13) to base 16.
-12e
Convert -b (base 13) to base 8.
-13
201 (base 5) to base 2
110011
What is 1040 (base 5) in base 16?
91
What is 2e (base 16) in base 6?
114
Convert -3 (base 10) to base 2.
-11
What is -1 (base 6) in base 5?
-1
What is -3 (base 11) in base 16?
-3
What is -22012 (base 3) in base 2?
-11011101
10 (base 7) to base 15
7
Convert -346 (base 9) to base 6.
-1153
Convert -4 (base 16) to base 11.
-4
What is -16 (base 8) in base 15?
-e
0 (base 6) to base 12
0
Convert 3100 (base 4) to base 6.
544
-222 (base 3) to base 12
-22
9 (base 12) to base 7
12
What is 121 (base 14) in base 9?
270
2 (base 8) to base 2
10
Convert -1b (base 12) to base 16.
-17
Convert 0 (base 7) to base 8.
0
-100 (base 3) to base 13
-9
What is 14 (base 13) in base 6?
25
0 (base 7) to base 2
0
What is -19 (base 10) in base 15?
-14
-2 (base 10) to base 13
-2
Convert -11211 (base 4) to base 15.
-18c
10 (base 2) to base 11
2
a (base 15) to base 11
a
Convert 16 (base 13) to base 6.
31
What is 110 (base 4) in base 10?
20
What is -80 (base 12) in base 16?
-60
aa (base 16) to base 6
442
Convert 1 (base 12) to base 13.
1
What is 363 (base 7) in base 3?
21010
120 (base 3) to base 10
15
Convert -1 (base 5) to base 4.
-1
20002 (base 3) to base 8
244
What is -5 (base 10) in base 3?
-12
What is -7 (base 13) in base 3?
-21
-31 (base 4) to base 15
-d
22 (base 4) to base 12
a
Convert 0 (base 5) to base 4.
0
What is 1 (base 6) in base 3?
1
What is -57 (base 8) in base 7?
-65
What is 16 (base 10) in base 4?
100
9 (base 16) to base 11
9
-2 (base 13) to base 8
-2
What is -2 (base 13) in base 9?
-2
Convert 26 (base 12) to base 16.
1e
Convert -1 (base 2) to base 6.
-1
Convert 13 (base 10) to base 3.
111
-23 (base 14) to base 2
-11111
Convert -2 (base 11) to base 7.
-2
11 (base 5) to base 7
6
3a (base 14) to base 12
44
-ed (base 15) to base 5
-1343
Convert -10 (base 9) to base 7.
-12
-11100100 (base 2) to base 10
-228
90 (base 12) to base 13
84
Convert 12 (base 5) to base 6.
11
What is 300 (base 8) in base 12?
140
Convert 0 (base 7) to base 15.
0
-16 (base 10) to base 3
-121
22 (base 11) to base 6
40
Convert 5 (base 9) to base 2.
101
Convert 54 (base 10) to base 12.
46
What is 12 (base 8) in base 15?
a
What is -1 (base 16) in base 8?
-1
What is 81 (base 14) in base 13?
89
Convert 11000 (base 2) to base 6.
40
1 (base 7) to base 2
1
Convert 1 (base 5) to base 15.
1
-1 (base 9) to base 12
-1
What is -5 (base 7) in base 14?
-5
Convert -3 (base 9) to base 10.
-3
Convert 2b (base 12) to base 10.
35
-240 (base 6) to base 9
-116
-1 (base 3) to base 12
-1
Convert 101 (base 2) to base 4.
11
Convert 13 (base 11) to base 2.
1110
-15 (base 14) to base 8
-23
Convert -6 (base 9) to base 11.
-6
Convert -20 (base 12) to base 10.
-24
Convert -1111 (base 3) to base 5.
-130
Convert 15 (base 7) to base 2.
1100
Convert -13 (base 15) to base 10.
-18
0 (base 16) to base 13
0
What is 1222 (base 3) in base 14?
3b
Convert -7 (base 9) to base 12.
-7
2 (base 8) to base 12
2
Convert 11 (base 9) to base 8.
12
What is -15 (base 13) in base 2?
-10010
-440 (base 5) to base 7
-231
Convert 515 (base 6) to base 12.
13b
Convert 2 (base 16) to base 12.
2
Convert 2200 (base 4) to base 3.
12221
Convert 21 (base 8) to base 13.
14
Convert -e (base 15) to base 7.
-20
Convert 8 (base 9) to base 4.
20
48 (base 10) to base 8
60
-324 (base 7) to base 16
-a5
Convert 0 (base 7) to base 13.
0
Convert 1010 (base 2) to base 14.
a
1 (base 16) to base 11
1
-8 (base 12) to base 5
-13
What is 62 (base 15) in base 4?
1130
Convert 14 (base 8) to base 7.
15
Convert 33 (base 8) to base 11.
25
What is 211 (base 6) in base 3?
2221
-1 (base 12) to base 9
-1
Convert 75 (base 11) to base 16.
52
What is b5 (base 16) in base 11?
155
What is 12 (base 5) in base 9?
7
Convert -5 (base 10) to base 6.
-5
Convert -2 (base 13) to base 3.
-2
What is 113 (base 4) in base 12?
1b
Convert -136 (base 7) to base 15.
-51
What is 11 (base 13) in base 11?
13
What is 194 (base 10) in base 9?
235
What is -2 (base 3) in base 9?
-2
10 (base 6) to base 11
6
Convert -75 (base 13) to base 3.
-10120
Convert -3 (base 5) to base 11.
-3
What is 11 (base 4) in base 5?
10
-11110 (base 2) to base 14
-22
-3 (base 13) to base 6
-3
12 (base 5) to base 7
10
111 (base 4) to base 10
21
What is -2202 (base 5) in base 4?
-10232
What is -f (base 16) in base 13?
-12
Convert 23 (base 7) to base 13.
14
-5 (base 8) to base 3
-12
What is 74 (base 10) in base 8?
112
What is 111 (base 2) in base 15?
7
Convert -104 (base 6) to base 11.
-37
What is 32 (base 5) in base 4?
101
What is 11 (base 9) in base 2?
1010
Convert 6 (base 7) to base 15.
6
Convert -11 (base 9) to base 6.
-14
What is -1 (base 6) in base 2?
-1
4 (base 15) to base 2
100
What is -101 (base 3) in base 12?
-a
83 (base 9) to base 5
300
What is 9 (base 16) in base 10?
9
-6 (base 8) to base 12
-6
Convert -81 (base 13) to base 2.
-1101001
What is 3 (base 5) in base 9?
3
f (base 16) to base 15
10
What is 120 (base 5) in base 14?
27
Convert 4 (base 11) to base 2.
100
-32 (base 4) to base 2
-1110
Convert -12 (base 5) to base 16.
-7
What is -6 (base 10) in base 9?
-6
123 (base 7) to base 13
51
22 (base 3) to base 7
11
Convert 3 (base 5) to base 7.
3
Convert 7c (base 16) to base 14.
8c
What is 66 (base 9) in base 7?
114
What is -11 (base 12) in base 9?
-14
What is -17 (base 9) in base 4?
-100
What is c (base 13) in base 14?
c
-20021 (base 3) to base 7
-331
What is 7 (base 16) in base 10?
7
Convert -103 (base 4) to base 13.
-16
-17 (base 15) to base 13
-19
What is 10 (base 2) in base 12?
2
Convert -2 (base 11) to base 12.
-2
Convert 1 (base 8) to base 7.
1
44 (base 12) to base 14
3a
-11110010 (base 2) to base 10
-242
What is 144 (base 5) in base 6?
121
Convert 2 (base 3) to base 13.
2
225 (base 6) to base 14
65
Convert -1 (base 13) to base 14.
-1
Convert 45 (base 15) to base 2.
1000001
What is -8c (base 14) in base 3?
-11121
What is -100100011 (base 2) in base 8?
-443
2 (base 10) to base 9
2
2 (base 5) to base 14
2
-8 (base 10) to base 14
-8
What is 136 (base 14) in base 10?
244
-14 (base 7) to base 11
-10
What is -3 (base 9) in base 8?
-3
Convert 110 (base 2) to base 6.
10
What is -35 (base 7) in base 2?
-11010
What is -2 (base 12) in base 10?
-2
Convert -5c (base 15) to base 4.
-1113
Convert 2 (base 14) to base 11.
2
What is 1c (base 15) in base 14?
1d
Convert -140 (base 7) to base 9.
-85
What is 101 (base 2) in base 16?
5
Convert -100100 (base 2) to base 7.
-51
What is 35 (base 11) in